*c. Suppose -c*f + 1 = -k + 28, 4*k = -5*f + 121. List the prime factors of k.
29
Let q be 2/1 - 1 - 3. Let m be q/(-8) + 123/4. Let t = m + -4. What are the prime factors of t?
3
Suppose 0 = 6*i - i + 25, -2*d - 65 = 5*i. Let u be (d/(-50))/((-1)/(-5)). Suppose 19 = 3*t - u*o, -3*t - 2*o + 47 = 3*o. List the prime factors of t.
3
Suppose 3*j + 222 = 2*m + 2357, 5*j - 5*m - 3560 = 0. List the prime factors of j.
3, 79
Let h(p) = -4*p**2 + p**3 - 3*p - 4 - 5 + 1. Let i be h(5). Suppose -i*m = -4*m + 68. What are the prime factors of m?
2, 17
Suppose -27*x + 72293 = -14*x. What are the prime factors of x?
67, 83
Let j(b) = 2*b**2 - 4*b + 2. Suppose -9 = 3*h + 5*t, 5*h - 9 = 3*t + 10. Let n be j(h). List the prime factors of n*11/2 - 3.
2
Let f(c) be the third derivative of c**5/12 - 23*c**3/6 - 33*c**2. What are the prime factors of f(5)?
2, 3, 17
Suppose 2*s = -2*a, 20 = 3*a + 2*s - 3*s. What are the prime factors of (-2)/(-5) + a + 2566/10?
2, 131
Let u(g) = 1166*g**3 + 4*g + 0*g - g**2 - 1169*g**3 + 2. What are the prime factors of u(-3)?
2, 31
Suppose 0 = -15*f + 7*f + 8. List the prime factors of f*76*(-297)/(-108).
11, 19
Let j(w) = 4*w**2 - 19*w - 112. What are the prime factors of j(-10)?
2, 239
Suppose -2*b - 7 = -37. What are the prime factors of 25*-3*(-9)/b?
3, 5
List the prime factors of 16982/16 - 12/32.
1061
Let d = 9 + -29. Let k = d - -23. Suppose 4*v - 236 = -9*z + 5*z, -185 = -k*v + 5*z. List the prime factors of v.
2, 3, 5
Let r = 1343 + -777. List the prime factors of r.
2, 283
Suppose 4*q + 4257 = 4*v - 6723, 5*q - 5483 = -2*v. List the prime factors of v.
2, 7
Suppose -4*n + 50 = n. Let t be (24/n)/((-2)/10). Let u = t - -28. List the prime factors of u.
2
What are the prime factors of ((-184)/(-12))/(0 - 2/(-57))?
19, 23
Suppose 55*h = -7*h + 326244. What are the prime factors of h?
2, 3, 877
Let a be 1 + (-2)/1 + 3. Let s be a - (2 - 1)*-5. List the prime factors of ((-17)/5)/(s/(-35)).
17
Let f = -2115 - -3037. What are the prime factors of f?
2, 461
Suppose -5*z + 26430 = 5*k, -k + 0*k + 5 = 0. Suppose 5*c - z - 604 = 0. List the prime factors of c/55 - 4/10.
3, 7
Let c = -250 + 115. Let y = c + 213. Suppose -17*l + 19*l = y. List the prime factors of l.
3, 13
Let m(d) = 4*d**2 - 3*d - 6. Let p be m(-4). Suppose 2*u + p = 5*y - 4*y, -2*y = -u - 125. List the prime factors of y.
2, 3, 5
Let r = 441 + 144. List the prime factors of r.
3, 5, 13
Let w(u) = 2*u**2 + 2*u. Let i(p) = -3*p**2 + 2*p + 4. Let v(c) = i(c) + 2*w(c). Let r = -4 + -4. What are the prime factors of v(r)?
2, 5
Let o = 0 + 2. Suppose 4*g + 2*f - 9 = 3, -3*g + 23 = -o*f. Suppose s - g = -t, 18 = 5*t - 3*s + s. List the prime factors of t.
2
Suppose 0 = 3*a - 2*h + 55, 3*a + 6*h + 25 = 2*h. Let l = 20 + a. Suppose 0 = -5*u - l*i + 130, -8*i + 64 = 2*u - 3*i. What are the prime factors of u?
2, 11
Let q = -22 + -29. Let g(w) = 14*w**2 - 4*w + 8. Let i be g(-2). Let c = i + q. What are the prime factors of c?
3, 7
What are the prime factors of (-36)/(-45)*1655/2?
2, 331
What are the prime factors of (6/(-4))/(-6 - 16308/(-2720))?
2, 5, 17
Suppose 0 = 22*p + 63*p - 23970. List the prime factors of p.
2, 3, 47
Suppose 0 = u + 4*u + 5, -3*k - 12 = 3*u. Let m be (6/(-5))/(k/240). Let y = m + -64. List the prime factors of y.
2
Let i(k) = -5*k + 12. Let f be i(2). Suppose 5*s - 457 = -f*o, 0 = 2*s + 3 - 1. What are the prime factors of o?
3, 7, 11
Let v = 266 - -102. List the prime factors of v.
2, 23
Suppose -2*v = v - 12. Suppose 0 = 3*f + 3*p - 36, 0*p = -2*p - v. What are the prime factors of f?
2, 7
Let s(c) = 94*c - 166. List the prime factors of s(5).
2, 19
Suppose 11*j - 35 = 4*j. Suppose -k + j*k - 60 = 0. Suppose -4*s = -k - 101. List the prime factors of s.
29
Suppose 0*z + z = -2*a - 442, -4*z + 860 = -4*a. Let h = 365 + a. What are the prime factors of h?
2, 73
Let d(q) = 1384 - 1395 - 16*q - q**2 + 3*q**2. What are the prime factors of d(13)?
7, 17
Let p be (-63)/(-28) + 1/(-4). Let k be (-76)/18 - p/(-9). Let b = 15 + k. List the prime factors of b.
11
Let c(x) = -68*x + 34*x + 32*x + 1. Let t(d) = d**3 - 2*d**2 - 2*d + 3. Let l be t(2). What are the prime factors of c(l)?
3
Let z(c) = 3*c**2 + c. Let r be 0 - 7/((-21)/6). Suppose m = -r + 4. What are the prime factors of z(m)?
2, 7
List the prime factors of 2/((-8)/1356*(-15)/20).
2, 113
Let w be 315 + 1 + (0 - 0). Suppose 0 = 26*t - 24*t - w. What are the prime factors of t?
2, 79
What are the prime factors of 82/(9/6 - (-7 - -8))?
2, 41
Let l(t) = -t**2 + 6*t + 7. Let r be l(7). Suppose -4*w - 2*k + 0*k = -254, r = -w - 4*k + 53. Suppose 5*g - 265 = -w. List the prime factors of g.
2, 5
Let x(w) = -8*w. Let q be x(-1). Let a be (q + -7)*0/2. Suppose 130 = 2*c - 4*v - a*v, -c = -4*v - 59. List the prime factors of c.
71
Let q = -5 - -5. List the prime factors of -42*-1*(12/7 + q).
2, 3
Suppose 50032 = -973*w + 989*w. List the prime factors of w.
53, 59
Let g(k) = 91*k - 49. What are the prime factors of g(4)?
3, 5, 7
Let h be 1/(-3) + 30/9. Suppose -83 + 25 = -4*v + 2*d, 31 = h*v + d. What are the prime factors of v?
2, 3
Let o = -11 - -23. Suppose o = t - 6. Suppose q + t = 4*s, 0 = 5*q + 2*s - 3*s - 5. List the prime factors of q.
2
Let o = 6291 + -3282. List the prime factors of o.
3, 17, 59
Let u be (5 + 0 + -3)*-3. Let a = 8 + u. Suppose -2*d = -0*x - x - 25, -2*x = a*d - 34. List the prime factors of d.
2, 7
Suppose -5*a + 9*a + 264 = 0. Let t = -22 - a. What are the prime factors of t?
2, 11
Let m = 53 - 50. Suppose m*y - 6 - 30 = 0. List the prime factors of y.
2, 3
Let v(i) = -i**3 + 15*i**2 + 16*i + 2. Let l be v(16). Suppose 4*r - 124 = -6*z + 2*z, z - l*r = 37. What are the prime factors of z?
3, 11
Let p(r) = -r + 16. Let g be (-7 - 2)/1 + -1. Let n = g + 16. What are the prime factors of p(n)?
2, 5
Let a(o) = -10*o - 2 - 2*o**2 + 7*o - 2 - 4*o**3 + 3*o**3. Let m be a(-2). Suppose -n = x - 71, -2*n - 2*x + 142 = m*x. List the prime factors of n.
71
What are the prime factors of 2006/3 + (-4)/(-6)*-1?
2, 167
Let z = -15 + 0. Suppose 5*c = -3*g + 96, 0 = -0*c + 2*c - 5*g - 26. Let m = c + z. What are the prime factors of m?
3
Suppose 0 = -o + 22 - 6. Let d = 25 - o. What are the prime factors of (d + 3 + -6)*5?
2, 3, 5
Let c(u) = 10*u**2 - u + 43. List the prime factors of c(11).
2, 3, 23
Suppose 0 = z - 106 - 24. Suppose 0*s = -h + 5*s + 23, s + z = 4*h. List the prime factors of h.
3, 11
Let z = 2 + -2. Suppose 0 = -5*i + 9 + 21. List the prime factors of (i - 5)*(21 + z).
3, 7
Let z(f) = -21*f + 50. Let g be z(6). Let d = 241 + g. List the prime factors of d.
3, 5, 11
Suppose -3*q = 3*g + 2*q + 179, 8 = -2*q. Let r = g + 96. List the prime factors of r.
43
Let r(s) = 3*s**2 - 1. Let j be r(3). Let o be -2 - (1 + -2 + -11). Suppose j = 3*i - o. List the prime factors of i.
2, 3
Suppose -u - 124 + 23 = 0. Let l = u - -315. What are the prime factors of l?
2, 107
Let f be 37 - (-3)/(-6)*-6. Let z = f - 27. What are the prime factors of z?
13
Let q be 9*74*(-2)/12. Let r = q - -231. What are the prime factors of r?
2, 3, 5
Suppose 5*z - 3*d - 90 = -d, d = z - 18. Suppose -l + z = 15. Suppose -l*y - y + 76 = 5*a, 4 = y. What are the prime factors of a?
2, 3
Let b = 21 + -14. List the prime factors of b*13 + -4 + 7.
2, 47
Suppose 4 = a - 4. Suppose 0 = -5*i - 15, 0 = -5*p + i + a. What are the prime factors of (p/(-4))/((-8)/416)?
13
Let c = 58 - 140. Let l = c - -122. Suppose -3*a + 2 + l = 0. What are the prime factors of a?
2, 7
List the prime factors of (-7 - 3)*2750/(-20).
5, 11
Suppose -6*y - 12 + 0 = 0. Let v be 6*(28/12 + y). Suppose 3*k = -3*u + 26 - v, -3*k + 12 = 0. What are the prime factors of u?
2
Suppose -3 = m - 7. Let r = m - -5. Suppose -r = 4*p - 97. What are the prime factors of p?
2, 11
Let p(b) = -b**2 + b - 3*b**3 + b**3 - 349 + 348. List the prime factors of p(-2).
3
Suppose c - 2022 = 4*g, -5*c + 0*c = 3*g + 1528. What are the prime factors of (5/(-2))/(-5) - g/4?
127
Let q(k) = -5*k - 12. Suppose 3*t - 3*w + 48 = 0, -5*w = 2*t + t + 32. What are the prime factors of q(t)?
2, 29
Let k = 22 - 18. What are the prime factors of 4 + (36 - k) + -3?
3, 11
Let m = -14 - -30. Let t be m/(-88) - 501/(-33). List the prime factors of -45*((-51)/t + 3).
2, 3
Suppose 5*